ainder when 1618 is divided by 58?
52
Calculate the remainder when 110 is divided by 98.
12
What is the remainder when 116 is divided by 33?
17
Calculate the remainder when 154 is divided by 5.
4
Calculate the remainder when 729 is divided by 128.
89
What is the remainder when 1673 is divided by 30?
23
What is the remainder when 774 is divided by 47?
22
What is the remainder when 67 is divided by 6?
1
Calculate the remainder when 4217 is divided by 74.
73
What is the remainder when 1581 is divided by 122?
117
What is the remainder when 509 is divided by 150?
59
Calculate the remainder when 647 is divided by 81.
80
What is the remainder when 386 is divided by 165?
56
What is the remainder when 512 is divided by 295?
217
What is the remainder when 466 is divided by 47?
43
Calculate the remainder when 3039 is divided by 26.
23
What is the remainder when 124 is divided by 41?
1
What is the remainder when 462 is divided by 15?
12
What is the remainder when 572 is divided by 12?
8
Calculate the remainder when 51 is divided by 11.
7
What is the remainder when 456 is divided by 81?
51
Calculate the remainder when 502 is divided by 82.
10
Calculate the remainder when 454 is divided by 20.
14
What is the remainder when 170 is divided by 39?
14
Calculate the remainder when 283 is divided by 43.
25
Calculate the remainder when 10 is divided by 6.
4
What is the remainder when 1119 is divided by 102?
99
What is the remainder when 67 is divided by 42?
25
Calculate the remainder when 210 is divided by 59.
33
What is the remainder when 9587 is divided by 246?
239
Calculate the remainder when 119 is divided by 20.
19
What is the remainder when 61 is divided by 8?
5
What is the remainder when 5196 is divided by 10?
6
What is the remainder when 74 is divided by 13?
9
What is the remainder when 329 is divided by 37?
33
What is the remainder when 284 is divided by 22?
20
What is the remainder when 66 is divided by 21?
3
Calculate the remainder when 808 is divided by 139.
113
Calculate the remainder when 469 is divided by 79.
74
Calculate the remainder when 959 is divided by 14.
7
What is the remainder when 8244 is divided by 133?
131
What is the remainder when 206 is divided by 35?
31
Calculate the remainder when 321 is divided by 46.
45
Calculate the remainder when 7123 is divided by 25.
23
What is the remainder when 185 is divided by 176?
9
What is the remainder when 677 is divided by 19?
12
What is the remainder when 10231 is divided by 17?
14
Calculate the remainder when 5475 is divided by 3.
0
What is the remainder when 1200 is divided by 79?
15
Calculate the remainder when 56 is divided by 12.
8
What is the remainder when 1938 is divided by 10?
8
Calculate the remainder when 77 is divided by 19.
1
What is the remainder when 702 is divided by 32?
30
Calculate the remainder when 116 is divided by 31.
23
Calculate the remainder when 675 is divided by 655.
20
What is the remainder when 9 is divided by 9?
0
What is the remainder when 2721 is divided by 31?
24
What is the remainder when 2316 is divided by 23?
16
Calculate the remainder when 242 is divided by 120.
2
What is the remainder when 607 is divided by 17?
12
What is the remainder when 60 is divided by 11?
5
What is the remainder when 31 is divided by 5?
1
What is the remainder when 5821 is divided by 14?
11
Calculate the remainder when 2097 is divided by 84.
81
What is the remainder when 497 is divided by 20?
17
What is the remainder when 75 is divided by 28?
19
What is the remainder when 360 is divided by 345?
15
Calculate the remainder when 21 is divided by 9.
3
Calculate the remainder when 339 is divided by 9.
6
What is the remainder when 83 is divided by 42?
41
What is the remainder when 156 is divided by 20?
16
Calculate the remainder when 7223 is divided by 802.
5
What is the remainder when 2963 is divided by 1480?
3
Calculate the remainder when 735 is divided by 151.
131
Calculate the remainder when 140 is divided by 121.
19
Calculate the remainder when 468 is divided by 10.
8
What is the remainder when 30 is divided by 5?
0
What is the remainder when 525 is divided by 257?
11
Calculate the remainder when 313 is divided by 15.
13
Calculate the remainder when 5424 is divided by 46.
42
Calculate the remainder when 5193 is divided by 208.
201
Calculate the remainder when 175 is divided by 92.
83
What is the remainder when 52 is divided by 10?
2
What is the remainder when 1084 is divided by 221?
200
Calculate the remainder when 181 is divided by 45.
1
Calculate the remainder when 299 is divided by 60.
59
What is the remainder when 231 is divided by 78?
75
Calculate the remainder when 1185 is divided by 44.
41
Calculate the remainder when 300 is divided by 43.
42
What is the remainder when 15055 is divided by 14?
5
Calculate the remainder when 25 is divided by 3.
1
Calculate the remainder when 1080 is divided by 23.
22
What is the remainder when 5524 is divided by 25?
24
What is the remainder when 2221 is divided by 25?
21
What is the remainder when 65 is divided by 19?
8
What is the remainder when 492 is divided by 15?
12
Calculate the remainder when 19 is divided by 16.
3
What is the remainder when 501 is divided by 46?
41
What is the remainder when 186 is divided by 21?
18
Calculate the remainder when 736 is divided by 82.
80
What is the remainder when 575 is divided by 93?
17
What is the remainder when 257 is divided by 73?
38
What is the remainder when 507 is divided by 31?
11
What is the remainder when 126 is divided by 44?
38
Calculate the remainder when 326 is divided by 37.
30
What is the remainder when 2805 is divided by 3?
0
Calculate the remainder when 3462 is divided by 99.
96
Calculate the remainder when 1306 is divided by 185.
11
Calculate the remainder when 2042 is divided by 81.
17
What is the remainder when 2444 is divided by 48?
44
What is the remainder when 1195 is divided by 322?
229
Calculate the remainder when 184 is divided by 53.
25
Calculate the remainder when 590 is divided by 22.
18
Calculate the remainder when 56 is divided by 10.
6
What is the remainder when 4002 is divided by 267?
264
Calculate the remainder when 94 is divided by 17.
9
What is the remainder when 4492 is divided by 160?
12
Calculate the remainder when 743 is divided by 156.
119
What is the remainder when 197 is divided by 17?
10
What is the remainder when 153 is divided by 30?
3
What is the remainder when 26146 is divided by 11?
10
What is the remainder when 111 is divided by 30?
21
Calculate the remainder when 594 is divided by 122.
106
Calculate the remainder when 31 is divided by 22.
9
What is the remainder when 642 is divided by 19?
15
What is the remainder when 61 is divided by 33?
28
Calculate the remainder when 2835 is divided by 69.
6
What is the remainder when 2740 is divided by 8?
4
Calculate the remainder when 299 is divided by 1.
0
Calculate the remainder when 8071 is divided by 13.
11
What is the remainder when 262 is divided by 41?
16
Calculate the remainder when 1965 is divided by 9.
3
What is the remainder when 5979 is divided by 52?
51
Calculate the remainder when 3528 is divided by 321.
318
What is the remainder when 230 is divided by 58?
56
What is the remainder when 1293 is divided by 16?
13
What is the remainder when 721 is divided by 52?
45
What is the remainder when 965 is divided by 212?
117
Calculate the remainder when 275 is divided by 56.
51
What is the remainder when 138318 is divided by 35?
33
Calculate the remainder when 241 is divided by 34.
3
What is the remainder when 308 is divided by 178?
130
Calculate the remainder when 4316 is divided by 127.
125
What is the remainder when 1343 is divided by 1340?
3
Calculate the remainder when 247 is divided by 150.
97
What is the remainder when 613 is divided by 77?
74
What is the remainder when 171 is divided by 86?
85
What is the remainder when 37 is divided by 14?
9
What is the remainder when 20 is divided by 12?
8
What is the remainder when 23 is divided by 11?
1
What is the remainder when 89 is divided by 49?
40
What is the remainder when 3205 is divided by 178?
1
What is the remainder when 2743 is divided by 84?
55
What is the remainder when 5061 is divided by 83?
81
Calculate the remainder when 845 is divided by 94.
93
What i